Let v(g) be the first derivative of -g**3/3 - 9*g**2/2 - 6*g - 97. Give v(-7).
8
Let w = -1 + -2. Let k(j) = -j - 1. Let d(p) = -228 + 122 + 2*p + 114. Let x(z) = d(z) + 5*k(z). What is x(w)?
12
Suppose -t - 1 = 2*x - 27, 5*x + 2*t = 67. Let n(k) = k**3 - 16*k**2 + 13*k + 3. What is n(x)?
-27
Suppose 4*a - 13 = 7. Let p = 20 - a. Suppose -4*w = -9 - p. Let c(s) = s**2 - 7*s - 1. Calculate c(w).
-7
Let n = 11 - 5. Suppose 3*x + 6 = -n. Let r(i) = -1. Let o(y) = -2*y**2 - 4*y. Let s(z) = -o(z) + 3*r(z). Give s(x).
13
Let y(m) be the first derivative of m**2/2 - 7*m - 209. Suppose 20 = -4*n, -4*z = z + n - 30. What is y(z)?
0
Let w(t) be the third derivative of 1/12*t**4 - 53*t**2 - 1/3*t**3 + 0*t + 0. Calculate w(2).
2
Let n(f) = -f + 3. Suppose 5*j - 357 = -q - q, 4*j = 5*q + 312. Let o = -69 + j. What is n(o)?
-1
Let q(j) = -17*j**3 + j**2 - 1. Let k = -721 + 720. What is q(k)?
17
Let k(b) = 4*b + 3. Let y(r) = 5*r + 4. Let z(w) = 3*k(w) - 2*y(w). Let t = 9 - -63. Let h = -77 + t. What is z(h)?
-9
Let m(i) be the second derivative of 0*i**2 + 44*i + 1/4*i**4 - 1/6*i**3 + 0 - 1/20*i**5. What is m(3)?
-3
Let x(d) = 5*d - 9. Let y(o) = -10*o + 15. Let k(j) = 5*x(j) + 3*y(j). Determine k(-4).
20
Let u = -71 - -73. Suppose 2*m = i - 20, 3*m - u*i + 15 + 16 = 0. Let g(q) = -q**3 - 10*q**2 - 8*q + 5. Calculate g(m).
-4
Let j be (-30)/20*(-4)/3. Let a(b) = b**j + 0*b**2 + 18 - 6*b - 12. Calculate a(4).
-2
Let m = 0 - -15. Let f be m/12*(1 - 5). Let u(h) be the third derivative of -h**6/120 - h**5/10 - 5*h**4/24 + 7*h**3/6 + h**2. What is u(f)?
7
Suppose -5*q + 1 = -2*b - 48, -2*q + 4*b + 26 = 0. Let c(v) = v**2 - 9*v + 9. Let z be c(q). Let i(x) = 15*x + 5 - 7*x - 1 - z*x. Give i(-6).
10
Let a(s) = 2*s**2 + 11*s + 12. Let u(p) = 10*p**2 + 43*p + 49. Let b(y) = 9*a(y) - 2*u(y). Calculate b(7).
3
Suppose 2*i = s, -3 = -s + 1. Let j(f) = -4*f**2 - 3*f + 2*f**2 + f**i + 6. Give j(-7).
-22
Let w(c) be the second derivative of c**5/60 - c**4/12 + c**3/2 + 10*c**2 + 28*c. Let u(h) be the first derivative of w(h). Give u(2).
3
Let r be 1/((-9)/6*(-4)/6). Let y(o) = 6*o**2 - 2*o + 6. Let z(v) = -7*v**2 + 3*v - 8. Let x(d) = -4*y(d) - 3*z(d). Give x(r).
-4
Let m(o) = 114*o**3 - 232*o**3 + 2*o**2 + 3 + 117*o**3 - o - 5*o**2. What is m(-3)?
6
Let r(b) = -2*b**2 - 7 - 3*b**2 + 6 + 4*b**2. Let w(y) = -3*y**2 - 5*y - 10. Let l be (-1*2 + 6)*1. Let s(m) = l*r(m) - w(m). What is s(6)?
0
Let g(w) = 4*w - w**2 - 55 + 68 - 10*w. What is g(-9)?
-14
Suppose 14 = 4*r - 3*s, -4*s + 5 = 5*r + 3. Let h(q) = 5 - 3 - 9*q + 2*q + q**r + 4. What is h(5)?
-4
Let i(d) = -6*d + d**2 + 17 + 12 - 29 + 7. Let x be 2/((-1)/2*2). Let q(t) = t - 1. Let a(k) = x*q(k) + i(k). Calculate a(7).
2
Let z = 100 + -69. Let h = z - 30. Let r(u) = 2*u**3 + u**2 - 1. Calculate r(h).
2
Let c(z) be the second derivative of z**5/20 - z**4/2 - 3*z**3 + 10*z**2 + 2*z - 7. Let m be c(8). Let h(t) = t**2. Calculate h(m).
16
Let f(l) = l**2 + 8*l + 3. Let p(h) = 38*h + 373. Let y be p(-10). What is f(y)?
-4
Let r(u) = -7*u**3 - 10*u**2 + 14*u + 16. Let q(s) = -6 + 2*s**3 - 18 + 15*s**2 + 5*s**3 - 21*s + 4*s**3. Let w(l) = -5*q(l) - 8*r(l). Give w(-6).
-2
Let b = -40 - -49. Let d(g) = 13*g**3 - 23*g**2 + 41*g + 29. Let v(s) = 3*s**3 - 6*s**2 + 10*s + 7. Let x(w) = b*v(w) - 2*d(w). Give x(7).
12
Let a(i) = -4*i - 1. Let l be a(-2). Let p(x) be the first derivative of x**2 + x + 502. Calculate p(l).
15
Let c be -3 + (-3)/(-3)*7. Suppose -c*y - 5 + 69 = 0. Let p = y - 19. Let k(x) = 3*x + 4. Determine k(p).
-5
Suppose 6*r + r + 49 = 0. Let z = r - -19. Let f(n) = 14*n + z*n - 27*n + 15*n**3. Calculate f(-1).
-14
Suppose -2*a + 56 - 54 = 0. Let j(m) be the second derivative of -m**5/20 + m**4/6 - 3*m. Calculate j(a).
1
Let v(y) = 11*y**3 + 1. Suppose 4*t - 3 - 1 = 0. Suppose 16 = i + t. Let r = i + -14. Determine v(r).
12
Let h(n) = 6*n**2 + 16*n - 15. Let s(i) = -2*i**2 - 5*i + 6. Let l(v) = 3*h(v) + 8*s(v). Give l(-5).
13
Let t(o) be the second derivative of o**5/20 + o**4/4 - 5*o**3/6 - 7*o - 2. Let l be 11 + (1 - (-1 + 0)). Suppose l = -3*g + 1. Calculate t(g).
4
Suppose q = o + 12, 3*o = q - 12 - 4. Let l(i) = -i + 3. Determine l(q).
-7
Let a(l) = -l**2 - l + 1. Let p(f) = -5*f - 21. Let w(g) = -2*g - 7. Let t(j) = 3*p(j) - 8*w(j). Let q be t(8). Give a(q).
-1
Let f(o) be the second derivative of 0 - 42*o - o**2 - 1/2*o**3. Determine f(-4).
10
Let j(u) = u**2 + 6*u + 9. Let w(k) = -k**3 + 6*k**2 + 3*k + 7. Let q be w(6). Let p be (-145)/q + 1/(-5). Give j(p).
9
Suppose -34 = -9*z + 128. Let t(h) = -h**3 + 17*h**2 + 18*h + 6. Give t(z).
6
Suppose 2*c + 2 = -5*l + 4, -3*l + 5*c - 5 = 0. Let d(f) = -f**3 + f**2 - f + 17. Calculate d(l).
17
Let x(t) = 13*t**3 - t**2 + 21*t + 1. Let r(v) = 7*v**3 + 11*v + 1. Let k(l) = -11*r(l) + 6*x(l). Let m be k(5). Let s(a) = -a + 4. What is s(m)?
9
Let k = -83 + 41. Let o = k - -35. Let h(c) be the third derivative of c**6/120 + 7*c**5/60 + c**3 - c**2. Determine h(o).
6
Let f(w) = 5*w**3 + 3*w**3 - 9*w**3 - 2*w - 6*w**2 - 2. Let o = 0 + 2. Let d be 1/1 - 14/o. Determine f(d).
10
Let c(r) = 6*r + 4. Suppose 2*p + 3*p = 0. Suppose p = -3*j + 14 + 1. Let b be 2/j - 85/25. What is c(b)?
-14
Let t(i) = -19*i - 109. Let b be t(-6). Let n(k) be the first derivative of 0*k**2 - 1/3*k**3 + 3*k - b. Give n(0).
3
Let i(b) = 18*b**3 - b**2 + 1. Suppose 0 = -3*x + x - 4*z - 10, 2*x = z. Determine i(x).
-18
Let j(u) = -u**2 + 5. Let c(v) = -2*v**2 + 7. Let a(y) = -2*c(y) + 3*j(y). What is a(-2)?
5
Let w be (-4)/(-2) + (0 - -2). Let f(l) = 3 + 2*l**2 - 3 - l + w - l**2. Calculate f(3).
10
Let i(d) = d**3 + 2*d**2 - 3*d - 1. Suppose 3*l = -l. Let q be 2 - (l/(-1) - 9). Suppose -3*t + 6*t = 5*h, q = -2*h - t. Determine i(h).
-1
Let q be 2 + 0 + (0 + 10)*4. Let v = 36 - q. Let x(b) = -b**3 - 5*b**2 + 6*b + 3. What is x(v)?
3
Let j(i) be the second derivative of -i**7/2520 + i**6/180 - i**5/120 + i**4/4 + 12*i. Let h(w) be the third derivative of j(w). What is h(5)?
-6
Let h(i) = -4*i**2 + 4*i + i - 4*i. Let x = 21 + -19. Suppose 4*z + x = 4*b - 6, -2*b + 10 = 4*z. Determine h(z).
-3
Let u be 192/30 - 4/10. Let l(t) be the third derivative of -1/24*t**4 + 0 + t**3 + 1/10*t**5 + 3*t**2 - 1/120*t**6 + 0*t. Calculate l(u).
0
Let x = 62 + -52. Let m(h) = h - h**3 - 9 + 9*h**2 - 1 + 10*h. What is m(x)?
0
Let y(o) be the first derivative of 1/3*o**3 + 10*o + 32 - 3*o**2. Give y(7).
17
Suppose -14*l + 5*l = 0. Let u(z) = -z**2 - 10. Determine u(l).
-10
Let y(h) = h + 10. Let d(t) = 20*t - 100. Let o be d(5). Determine y(o).
10
Let v(l) = -3*l + 2. Let d be (-10)/50 + 1/(-10)*-382. Let u = -34 + d. Determine v(u).
-10
Let s(q) = q**2 - 12*q + 19. Suppose 0 = 56*v - 60*v + 44. Give s(v).
8
Suppose 44*t + 30 = 39*t. Let x(b) = 2 + 3 + 0*b**2 - 5*b - b**2 + 1. What is x(t)?
0
Suppose -41*q + 66 = -14*q - 5*q. Let z(p) = -1 + 6*p - 3 - 3*p. Calculate z(q).
5
Let s(r) be the second derivative of -r**5/120 - r**4/6 + 3*r**3/2 + 9*r. Let w(k) be the second derivative of s(k). Give w(-8).
4
Suppose -2*h + 7 - 7 = 0. Let l(a) = -6*a + 11*a - 3 + h*a - 4*a. What is l(4)?
1
Let q be (14 + -2)/(-4) + 5. Suppose -2*d + 20 = q*v, 3*d + 3*v - 10 = 5*v. Let t(j) = -2*j + 4. Calculate t(d).
-8
Let q(y) be the second derivative of -y**5/20 - 7*y**4/12 - y**3/6 - 5*y**2/2 + 87*y. Determine q(-4).
-49
Suppose h + 5*o = -26, 2*h + 0*o = -o - 16. Let k = -26 - -29. Let l(d) = -19 + 27 - 7*d + 5*d**2 + d**k - 17. Give l(h).
-3
Let a(p) = -9*p - 50. Let r(y) = -4*y - 25. Let n(k) = -3*a(k) + 7*r(k). Let t be n(-19). Let j(z) = z - 8. Determine j(t).
-14
Let d(n) = 3*n**3 - 88212 - 11*n**2 - 2*n**3 + 88214. Let t = 21 + -10. Calculate d(t).
2
Let d(g) be the second derivative of 0 + g**2 - 1/12*g**4 + 15*g + 1/3*g**3. What is d(4)?
-6
Let i = 0 + 8. Let m be 12/8 - 2/(-4). Let h(j) = -8*j**m - 21 + j**3 + 2*j + 11 + 0*j**2. Determine h(i).
6
Let m(j) = -8*j + 6. Let t(y) = -3. Let s(x) = m(x) + t(x). What is s(-3)?
27
Let l(v) = 2*v**2 - 4*v + 2. Let a(n) = n**2 - 10*n + 11. Let u be a(8). Let h be (-3)/(u/(60/9)). Suppose h*q + 3 = 11. Give l(q).
2
Let j(z) = -z**2 - z - 12. Let x = -2 + 4. Let b(r) = 2*r**2 - 3*r**x - 9 - 11*r - 1 + 0. Let g be b(-10). Determine j(g).
-12
Let b(c) = 5*c**3 - 3*c**2 + 2*c - 3. Let f = 1